ctors of 4474363.
281, 15923
List the prime factors of 14454403.
17, 809, 1051
List the prime factors of 12968733.
3, 4322911
List the prime factors of 16366087.
17, 19, 23, 2203
What are the prime factors of 1088423?
7, 61, 2549
List the prime factors of 166232.
2, 11, 1889
What are the prime factors of 749829?
3, 249943
What are the prime factors of 305307?
3, 33923
What are the prime factors of 624648?
2, 3, 17, 1531
List the prime factors of 24994176.
2, 3, 65089
List the prime factors of 330948.
2, 3, 29, 317
What are the prime factors of 5712357?
3, 7, 17, 16001
List the prime factors of 5299280.
2, 5, 7, 9463
List the prime factors of 403027.
61, 6607
What are the prime factors of 7585902?
2, 3, 19, 41, 541
List the prime factors of 1898929.
107, 17747
What are the prime factors of 22943?
22943
What are the prime factors of 1377304?
2, 107, 1609
What are the prime factors of 99579?
3, 19, 1747
List the prime factors of 9427684.
2, 7, 336703
What are the prime factors of 12711616?
2, 83, 2393
List the prime factors of 1652980.
2, 5, 7, 11807
What are the prime factors of 11751579?
3, 7, 103, 1811
List the prime factors of 10504155.
3, 5, 700277
What are the prime factors of 6391637?
7, 139, 6569
What are the prime factors of 368185?
5, 73637
List the prime factors of 527434.
2, 31, 47, 181
What are the prime factors of 2635708?
2, 23, 28649
What are the prime factors of 16881710?
2, 5, 193, 8747
List the prime factors of 1372611.
3, 113, 4049
List the prime factors of 93377.
93377
List the prime factors of 479867.
541, 887
List the prime factors of 225325.
5, 9013
What are the prime factors of 4050509?
1493, 2713
List the prime factors of 3356692.
2, 19, 29, 1523
What are the prime factors of 2749770?
2, 3, 5, 30553
List the prime factors of 765068.
2, 17, 11251
List the prime factors of 911935.
5, 182387
What are the prime factors of 901397?
7, 61, 2111
What are the prime factors of 26085?
3, 5, 37, 47
List the prime factors of 636115.
5, 29, 41, 107
List the prime factors of 5583411.
3, 23, 37
List the prime factors of 38381.
7, 5483
What are the prime factors of 271139?
11, 157
What are the prime factors of 5562012?
2, 3, 463501
List the prime factors of 19585.
5, 3917
List the prime factors of 1711915.
5, 89, 3847
List the prime factors of 10862926.
2, 233, 23311
List the prime factors of 10047364.
2, 191, 13151
List the prime factors of 253102.
2, 126551
What are the prime factors of 2843424?
2, 3, 1097
What are the prime factors of 222796?
2, 7, 73, 109
What are the prime factors of 3162594?
2, 3, 527099
What are the prime factors of 1190313?
3, 132257
What are the prime factors of 528997?
7, 75571
List the prime factors of 12146556.
2, 3, 1012213
List the prime factors of 4207791.
3, 7, 200371
List the prime factors of 1645037.
239, 6883
List the prime factors of 2166418.
2, 19, 47, 1213
List the prime factors of 17414231.
821, 21211
List the prime factors of 780769.
11, 70979
What are the prime factors of 5094238?
2, 101, 25219
What are the prime factors of 666562?
2, 13, 31, 827
What are the prime factors of 6541731?
3, 7, 103837
What are the prime factors of 1192018?
2, 596009
What are the prime factors of 24389466?
2, 3, 179, 22709
List the prime factors of 235621.
235621
List the prime factors of 8084883.
3, 263, 10247
List the prime factors of 1058862.
2, 3, 7, 17, 1483
What are the prime factors of 267835?
5, 17, 23, 137
What are the prime factors of 35195?
5, 7039
List the prime factors of 8100635.
5, 67, 24181
What are the prime factors of 25297953?
3, 23, 31, 11827
List the prime factors of 15877490.
2, 5, 17, 59, 1583
What are the prime factors of 140652?
2, 3, 3907
What are the prime factors of 4381996?
2, 61, 17959
List the prime factors of 893723.
893723
List the prime factors of 461792.
2, 14431
List the prime factors of 319217.
23, 13879
What are the prime factors of 12452?
2, 11, 283
List the prime factors of 5353394.
2, 47, 56951
What are the prime factors of 2804959?
2804959
What are the prime factors of 17538240?
2, 3, 5, 18269
List the prime factors of 15597683.
37, 421559
List the prime factors of 6463616.
2, 50497
List the prime factors of 979250.
2, 5, 3917
List the prime factors of 10484302.
2, 1741, 3011
What are the prime factors of 879851?
7, 125693
What are the prime factors of 2400472?
2, 61, 4919
What are the prime factors of 8807247?
3, 547, 1789
What are the prime factors of 344387?
43, 8009
What are the prime factors of 15609404?
2, 3902351
What are the prime factors of 58123?
13, 17, 263
List the prime factors of 35926.
2, 11, 23, 71
List the prime factors of 673922.
2, 336961
List the prime factors of 244525.
5, 9781
List the prime factors of 27442653.
3, 7, 41, 31873
List the prime factors of 12582.
2, 3, 233
List the prime factors of 1696787.
17, 151, 661
List the prime factors of 7743598.
2, 1933, 2003
List the prime factors of 2378198.
2, 17, 113, 619
What are the prime factors of 6269755?
5, 1253951
List the prime factors of 431529.
3, 7, 20549
What are the prime factors of 4334692?
2, 71, 15263
What are the prime factors of 1457314?
2, 83, 8779
What are the prime factors of 1773569?
7, 253367
What are the prime factors of 180384?
2, 3, 1879
List the prime factors of 9106589.
9106589
List the prime factors of 3355521.
3, 13, 97, 887
What are the prime factors of 3486623?
7, 498089
List the prime factors of 207416.
2, 11, 2357
List the prime factors of 728480.
2, 5, 29, 157
List the prime factors of 7612354.
2, 3806177
List the prime factors of 2991409.
47, 63647
List the prime factors of 3156200.
2, 5, 43, 367
What are the prime factors of 8361029?
23, 363523
What are the prime factors of 16018065?
3, 5, 7, 211, 241
List the prime factors of 5645828.
2, 47, 59, 509
List the prime factors of 220506.
2, 3, 11, 13, 257
What are the prime factors of 673426?
2, 13, 59, 439
What are the prime factors of 16363727?
16363727
List the prime factors of 5717275.
5, 71, 3221
What are the prime factors of 1097159?
7, 22391
What are the prime factors of 38879964?
2, 3, 1079999
What are the prime factors of 2551332?
2, 3, 7, 4339
What are the prime factors of 375280?
2, 5, 4691
What are the prime factors of 495796?
2, 7, 17707
What are the prime factors of 19635483?
3, 7, 935023
What are the prime factors of 24638873?
7, 97, 131, 277
What are the prime factors of 2893224?
2, 3, 120551
List the prime factors of 3711910.
2, 5, 371191
What are the prime factors of 5355957?
3, 1785319
What are the prime factors of 331771?
11, 30161
What are the prime factors of 195754?
2, 13, 7529
List the prime factors of 426287.
426287
List the prime factors of 694791.
3, 25733
List the prime factors of 1362465.
3, 5, 13, 17, 137
List the prime factors of 1092383.
53, 20611
List the prime factors of 612423.
3, 7, 9721
List the prime factors of 2204244.
2, 3, 7, 8747
List the prime factors of 28707260.
2, 5, 1435363
List the prime factors of 1419833.
1419833
What are the prime factors of 86046?
2, 3, 14341
What are the prime factors of 990072?
2, 3, 13751
What are the prime factors of 10614?
2, 3, 29, 61
List the prime factors of 14028751.
11, 1275341
List the prime factors of 419160.
2, 3, 5, 7, 499
What are the prime factors of 110968?
2, 11, 13, 97
List the prime factors of 874276.
2, 13, 17, 23, 43
List the prime factors of 36677.
36677
What are the prime factors of 951449?
951449
List the prime factors of 1445130.
2, 3, 5, 16057
What are the prime factors of 752171?
7, 107453
List the prime factors of 2256447.
3, 752149
What are the prime factors of 935108?
2, 233777
List the prime factors of 199953.
3, 13, 1709
List the prime factors of 4420814.
2, 2210407
List the prime factors of 371441.
7, 47, 1129
List the prime factors of 1129953.
3, 11, 97, 353
List the prime factors of 8014677.
3, 11, 22079
List the prime factors of 5472188.
2, 41, 61, 547
List the prime factors of 965633.
139, 6947
List the prime factors of 8714255.
5, 11, 19, 31, 269
List the prime factors of 2884900.
2, 5, 17, 1697
List the prime factors of 35307806.
2, 23, 41, 97, 193
What are the prime factors of 16555991?
2719, 6089
What are the prime factors of 190150?
2, 5, 3803
What are the prime factors of 700588?
2, 7, 131, 191
List the prime fact